*j + 0*j - 49 = 0. Let y(d) = d**2 - 11*d + 13. What is y(b)?
-5
Let j(g) be the second derivative of -g**3/6 + 3*g**2 - 3*g. Let h(o) = o - 5. Let n(t) = 6*h(t) + 5*j(t). Calculate n(-4).
-4
Let b(p) = -p**2 + 4*p + 5. Let q be 4/(-6) - (-7)/(-3). Let y = q - -7. Calculate b(y).
5
Let v = 0 + -1. Let y be v + -1*2/(-1). Let k(c) = 5*c**2 - c + 1. Determine k(y).
5
Let z = 15 - 9. Let k(b) = -11*b - 3*b**3 + 2*b**3 + z*b - 5*b**2 - 5. Give k(-4).
-1
Let j(v) be the first derivative of -v**4/4 - v**3/3 - v**2/2 + 6*v + 7. What is j(0)?
6
Let f = 9 + -8. Let r(t) = -2*t + 1. Determine r(f).
-1
Let o(k) be the second derivative of -k**5/40 - k**4/24 + k**3/6 + 3*k. Let z(i) be the second derivative of o(i). Determine z(2).
-7
Let l be (-7)/14*((-2)/(-2) - 1). Let h(v) be the first derivative of -3 + 1/4*v**4 + 0*v - v**3 + l*v**2. Calculate h(3).
0
Let m(g) = 2*g - 1. Let a(d) = -2*d + 2. Let w(l) = -3*a(l) - 4*m(l). Let s be 1 + (-8)/2 + 3. Suppose -5*q - 5 - 15 = s. Calculate w(q).
6
Let m(k) = 29*k. Let h(u) = 7*u. Let s(i) = 9*h(i) - 2*m(i). Suppose 4*l - 12 = -2*p, 3 = -l - 5*p + 15. Give s(l).
10
Suppose -5*h + 19 = -3*v - 6, -5*h - 5*v = -25. Suppose -1 = -x + h. Let t(j) = -2 + 1 + 0*j - j**3 - x*j**2 - 6*j + 0*j**3. Give t(-5).
4
Let c = -4 + 1. Let v(f) = -6*f + 0*f + 3 - 2*f**2 + 5*f. Calculate v(c).
-12
Let j(n) = n. Let x(l) = 2 - 3*l**2 + 4 + 4*l**2. Let q(y) = 5*j(y) + x(y). Determine q(-5).
6
Suppose 116*a = 112*a - 12. Let q(s) be the second derivative of -s**4/12 - 5*s**3/6 + s**2/2 - s. Calculate q(a).
7
Let l(u) = 0 - 4*u - u - 1 + 4*u. Let t = 7 - 6. What is l(t)?
-2
Let d(t) be the first derivative of -t**4/4 + 5*t**3/3 - t**2 - 5*t - 2. Suppose 0 = 2*n - 2, -2*f + 4*n = -3 - 1. Give d(f).
3
Let d(j) be the third derivative of -7*j**4/12 - 6*j**2. What is d(1)?
-14
Let n = -3 - 2. Let y(t) = -7*t + 9. Let j(u) = 9 + 5 - 9*u - 2*u. Let i(g) = n*j(g) + 8*y(g). Give i(-5).
7
Let p(u) = -4*u**2 + 5*u + 9. Let i(b) = 2*b**2 - 2*b - 4. Suppose -6 = 2*z + 4*f, -z + 5*f + 39 = 14. Let v(y) = z*i(y) + 2*p(y). Calculate v(2).
6
Let b(p) be the second derivative of 0 + p + p**2 + 1/6*p**3. Let n be (-2 + 2)*1/2. Determine b(n).
2
Let h be (-6)/(-9)*(7 - -2). Let o(c) = -c**2 + 8*c - 9. Let u be o(h). Suppose -4*x + u = -1. Let w(f) = -4*f**3 + 2*f**2 - 1. What is w(x)?
-3
Let a(w) = 3*w - 10. Let j(m) = m - 1. Let q(l) = l**3 + 4*l**2 + 4*l + 4. Let i be q(-3). Let u(v) = i*a(v) - 4*j(v). Give u(-5).
-1
Let x(v) = -4*v**2 - 1. Let s = 8 + -4. Suppose 5*u - s = u. What is x(u)?
-5
Suppose 0 = 2*s - 3*p + 2*p + 8, 0 = -2*s + 4*p - 8. Let o(i) = i**2 + 4*i - 4. Determine o(s).
-4
Let d(g) = g**3 - 3*g**2 + 4*g - 3. Let v(x) = x. Let m(p) = -d(p) + 5*v(p). Let n = 6 - 5. Suppose -i + n = -3. Give m(i).
-9
Let p(o) = 2*o**2 - 3*o - 4. Let t be p(3). Suppose 17 = 5*v - v + t*j, 0 = -3*v - 3*j + 12. Let u be v + (2 - 1 - 1). Let x(s) = -s**2 + s - 2. Determine x(u).
-8
Let p(c) = -3*c + 12*c - 11*c + c**2. Calculate p(2).
0
Let d(h) = -3*h - 2. Let l be 8/(-6)*(-15)/(-10). What is d(l)?
4
Let c(w) = 3*w**3 + 8*w**2 + 6*w - 4. Let d(q) = -q**3 + 1. Let u(p) = c(p) + 2*d(p). Determine u(-7).
5
Let n(m) be the second derivative of -m**7/280 + m**6/90 - m**5/60 - 2*m**3/3 - 10*m. Let a(p) be the second derivative of n(p). Give a(2).
-12
Suppose 6*q - q + 5*h + 20 = 0, 3*h - 3 = 0. Let t(b) = -2*b - 2. Give t(q).
8
Let j(u) = 6*u**3 - u. Let q be j(-1). Let a be (-2)/6 - (-52)/12. Let z(h) = 4 - a - h. Calculate z(q).
5
Let q(p) = -p**3 + 6*p**2 + 7*p - 1. Let y = -25 + 26. Let b(j) = -j**3 - j**2. Let a(r) = y*q(r) - 2*b(r). Give a(-7).
-1
Suppose f = -h, -4*h + 25 = -3*f + 2*f. Suppose 1 - 16 = -h*g. Let l(o) = -3*o**2 - g*o**2 - o**2 + o**2 + o. Calculate l(1).
-5
Let s(q) = 4 - 5 + 0 - 2*q. Let n = 3 + -2. Give s(n).
-3
Let v(x) be the third derivative of -3*x**4/8 + 7*x**2. Calculate v(-1).
9
Let l = -6 + 12. Let z = l - 3. Let g(t) = -t**2 + 6*t - 3. What is g(z)?
6
Suppose -2*o + 1 = -o. Let s(l) = -41*l**3 + 3*l - 3. Let f(w) = 14*w**3 - w + 1. Let v(k) = -11*f(k) - 4*s(k). Give v(o).
10
Let t(m) = 16*m**3 - 47*m**3 - 7 - m + 15*m**3 + 17*m**3. Determine t(0).
-7
Let v(w) = -w**2 + 6*w - 6. Let d be (4/(-6))/(2/(-51)). Suppose -2*x + d + 48 = -5*h, 4*h + 4*x = -80. Let l be h/9*-3 - 1. Determine v(l).
2
Let p(m) = 3*m**2 - 3*m + 3. Let d(r) = r + 8. Let z be d(-6). Determine p(z).
9
Suppose -4*c - 82 + 66 = 0. Let o(b) = -b**3 - 4*b**2 - 4*b - 3. Calculate o(c).
13
Let y(b) = -2*b - 16. Let w(s) = -3*s - 24. Let t(l) = -5*w(l) + 7*y(l). Calculate t(-9).
-1
Let n(b) = b. Let w = 17 - 12. Suppose -5*v - w + 25 = 5*l, 0 = 4*v + l - 16. Let m be v/14 + 36/(-28). Give n(m).
-1
Let a(k) be the second derivative of 1/12*k**4 + 1/2*k**2 + 7*k - 1/6*k**3 + 0. What is a(3)?
7
Let r(h) = -h**3 - 2*h**2 - 2*h - 2. Let s be r(-2). Let t be -4*((-13)/(-4) - s). Let b = 10 + t. Let o(k) = 2*k - 5. Give o(b).
5
Let q(m) = -m**2 + 6*m - 7. Let w(r) = -r**2 - 9*r - 9. Let z be (-2)/3*(-126)/(-12). Let a be w(z). What is q(a)?
-2
Let t(u) = -4*u - 2. Let n(m) = 20*m - 8. Let w(g) = 7*g - 3. Let f(p) = -4*n(p) + 11*w(p). Let k(a) = 3*f(a) - 2*t(a). Suppose 4*c = 5*c - 3. Determine k(c).
-2
Let d(a) = a. Let r(f) = 8*f - 1. Let j(h) = -h. Let p be j(3). Let t(u) = -2*u + 13. Let z be t(6). Let m(i) = p*d(i) + z*r(i). Calculate m(2).
9
Let c(b) = 4*b - 4. Let i(p) = -3*p - 9. Let n be i(-4). What is c(n)?
8
Let i(t) = -t. Suppose b - 15 = 2*g, -2*b = -4*b + 5*g + 34. What is i(b)?
-7
Let y(s) = s**3 + 4*s**2 + 2*s + 1. Let j(w) = w**2 + w. Let h(k) = 6*j(k) + y(k). Determine h(-9).
10
Let g(v) = -v + 5. Suppose 6*p + 5 - 41 = 0. Determine g(p).
-1
Let d(j) = -j**2 - 1. Let x(v) = 5*v + 3. Let h(c) = -d(c) - x(c). Suppose 16 = 4*i - 3*w + 4*w, -5*i - w + 21 = 0. Give h(i).
-2
Let h be 8/3*9/6. Let u(m) = h*m**2 - 2*m - 2*m**2 + 6*m - 3 - 3*m**2. Give u(2).
1
Suppose -2*h = 3*b - 20, 3*h = b + 2 - 5. Let x be (3 + 0)*4/b. Let j(w) = 0 + 3*w**2 - 5*w - x*w**2 - 4 + 0. Give j(5).
-4
Let r(j) = -j**3 + j**2 - 6*j - 10. Let g(s) = 3*s**3 - 4*s**2 + 18*s + 29. Let h(d) = -6*g(d) - 17*r(d). Determine h(5).
16
Let k = 7 + -1. Let s(b) = -18 + 51 + b**2 - 26 - 6*b. Give s(k).
7
Let n(x) = x + 7. Let i(k) = k + 6. Let f(o) = -4*i(o) + 3*n(o). Suppose w = 4*w + 15. Calculate f(w).
2
Let f = 4 - 6. Let l be (-4)/(f/3*3). Suppose 0 = 3*a + q - 1, -a - 1 = l*a + 2*q. Let j(i) = 10*i - 1. Determine j(a).
9
Let f(b) = -b**3 - 7*b**2 - 7*b - 6. Suppose 2*j - 20 = 5*g, 5*g - 6*j = -3*j - 15. Give f(g).
0
Let d(j) = 3*j**2 + 19*j + 4. Let m(x) = -4*x**2 - 28*x - 6. Let s(y) = 7*d(y) + 5*m(y). Give s(6).
-8
Let f(t) = t - 3. Let q be 4/(-24) - (-31)/6. Suppose j + d - 5 = 3, 0 = -4*j + q*d + 14. What is f(j)?
3
Let k = 15 - 13. Let q(y) be the third derivative of 0 + 2*y**2 - 1/30*y**5 + 0*y**4 + 0*y - 1/6*y**3 + 1/60*y**6. Calculate q(k).
7
Let g = 5 + -8. Let v(y) = 5*y - 10. Let d(f) = 4*f - 9. Let h(i) = 6*d(i) - 5*v(i). Let a(l) = l + 3. Let w(s) = g*h(s) - 4*a(s). What is w(-5)?
5
Let m(g) = 2*g + 1. Let k(s) = -7*s + 1. Let t(w) = k(w) + 5*m(w). Give t(-4).
-6
Let a(i) = 2*i - 2. Let k(t) = 2*t - 1. Let w(n) = -2*a(n) + 3*k(n). Calculate w(4).
9
Suppose 0 = 2*q + p - 3*p + 6, -p - 3 = -4*q. Let x = q - -3. Let v(m) = -2*m**3 + 4*m**3 - x*m + 0*m + 2 - m**3 - 4*m**2. Calculate v(5).
2
Let n(x) = x**3 + x**2 - x + 2. Suppose 2*a = -3 - 1. Give n(a).
0
Suppose a = -a + 4*y - 6, 5*y = 4*a. Let x(n) be the third derivative of n**5/60 - n**4/6 + n**3/6 + n**2. Determine x(a).
6
Suppose 0 = 2*b - 4*u - 26, 3*b + 5*u = 2*u + 21. Let a = b - 3. Let n(s) = -5*s**2 - 52*s + 46*s - 8 + 2 + s**3. Give n(a).
-6
Let p(d) = 4 - 7*d + 15*d - 6*d. Determine p(-5).
-6
Let g(m) = m**3 + 3*m**2 - 2*m - 3. Let p = -168 + 166. Give g(p).
5
Let g(m) be the third derivative of -1/24*m**4 + 0*m + 0 - m**3 - 4*m**2. What is g(0)?
-6
Let g(k) be the third derivative of k**7/630 - k**5/12 - 5*k**2. Let l(d) be the third derivative of g(d). What is l(-1)?
-8
Let j(g) be the first derivative of -g**4/4 - 5*g**3/3 + 7*g**2/2 - 7. Give j(-6).
-6
Let a(m) = -m**2 + 6*m + 7. Suppose 63 = -0*d + 3*d. Let w = 1 + d. Let y be (w/8 - 2)*8. Calculate a(y).
7
Let w(o) = o**2 - 2. Let a(s) be the third derivati